he prime factors of 2342281?
1361, 1721
List the prime factors of 3352112.
2, 23, 9109
List the prime factors of 116502.
2, 3, 19417
What are the prime factors of 972639?
3, 67, 1613
What are the prime factors of 152032?
2, 4751
List the prime factors of 132183.
3, 19, 773
What are the prime factors of 232715?
5, 7, 61, 109
What are the prime factors of 8338734?
2, 3, 307, 503
What are the prime factors of 564794?
2, 19, 89, 167
List the prime factors of 353944.
2, 151, 293
What are the prime factors of 1694557?
29, 71, 823
What are the prime factors of 798168?
2, 3, 7, 4751
List the prime factors of 255767.
255767
What are the prime factors of 1385592?
2, 3, 13, 4441
List the prime factors of 662845.
5, 43, 3083
List the prime factors of 6402193.
7, 130657
List the prime factors of 21363584.
2, 11, 15173
List the prime factors of 30111982.
2, 3041, 4951
List the prime factors of 365231.
365231
What are the prime factors of 3066657?
3, 11, 19, 67, 73
List the prime factors of 4375570.
2, 5, 437557
List the prime factors of 3018.
2, 3, 503
List the prime factors of 11800074.
2, 3, 11, 13, 17, 809
What are the prime factors of 48973?
48973
List the prime factors of 2683646.
2, 7, 191689
What are the prime factors of 161187?
3, 13, 4133
List the prime factors of 9405004.
2, 7, 335893
What are the prime factors of 749337?
3, 249779
What are the prime factors of 32046620?
2, 5, 443, 3617
What are the prime factors of 9859078?
2, 4929539
List the prime factors of 5745571.
13, 31, 53, 269
What are the prime factors of 32959749?
3, 10986583
List the prime factors of 653476.
2, 23, 7103
List the prime factors of 518710.
2, 5, 51871
List the prime factors of 208345.
5, 41669
List the prime factors of 259400.
2, 5, 1297
What are the prime factors of 575519?
7, 82217
What are the prime factors of 9402078?
2, 3, 7, 23, 9733
List the prime factors of 5733401.
5733401
What are the prime factors of 10414815?
3, 5, 43, 67, 241
List the prime factors of 112597.
109, 1033
List the prime factors of 1801.
1801
List the prime factors of 1233007.
23, 53609
What are the prime factors of 15130013?
61, 248033
List the prime factors of 4533248.
2, 19, 233
What are the prime factors of 9134799?
3, 1459, 2087
List the prime factors of 474101.
474101
List the prime factors of 185696.
2, 7, 829
What are the prime factors of 237224?
2, 13, 2281
List the prime factors of 1091775.
3, 5, 14557
What are the prime factors of 701522?
2, 17, 47, 439
List the prime factors of 8874802.
2, 313, 14177
List the prime factors of 885293.
23, 61, 631
What are the prime factors of 21998031?
3, 11, 666607
List the prime factors of 376133.
376133
List the prime factors of 669512.
2, 83689
List the prime factors of 2788190.
2, 5, 278819
What are the prime factors of 1954119?
3, 47, 13859
What are the prime factors of 1043036?
2, 107, 2437
What are the prime factors of 395125?
5, 29, 109
What are the prime factors of 3333767?
3333767
What are the prime factors of 1770982?
2, 103, 8597
List the prime factors of 53800.
2, 5, 269
What are the prime factors of 199094?
2, 7, 14221
List the prime factors of 5503563.
3, 13, 17, 2767
What are the prime factors of 517308?
2, 3, 11, 3919
List the prime factors of 635450.
2, 5, 71, 179
What are the prime factors of 1165507?
7, 31, 41, 131
List the prime factors of 16708739.
17, 982867
List the prime factors of 2097529.
7, 79, 3793
What are the prime factors of 117987?
3, 67, 587
What are the prime factors of 189479?
189479
What are the prime factors of 8727722?
2, 53, 137, 601
What are the prime factors of 2334898?
2, 1167449
What are the prime factors of 831179?
137, 6067
What are the prime factors of 1324143?
3, 167, 881
What are the prime factors of 2259669?
3, 163, 4621
What are the prime factors of 528269?
7, 10781
List the prime factors of 1963023.
3, 19, 34439
List the prime factors of 134321.
11, 12211
What are the prime factors of 284942?
2, 7, 20353
What are the prime factors of 60061?
17, 3533
List the prime factors of 1466480.
2, 5, 23, 797
List the prime factors of 136247.
136247
What are the prime factors of 1988764?
2, 23, 21617
What are the prime factors of 2262755?
5, 11, 41141
What are the prime factors of 1047471?
3, 101, 3457
List the prime factors of 652844.
2, 163211
List the prime factors of 1127648.
2, 131, 269
List the prime factors of 19801851.
3, 6600617
List the prime factors of 448668.
2, 3, 11, 103
List the prime factors of 67922.
2, 33961
List the prime factors of 2363992.
2, 109, 2711
What are the prime factors of 851902?
2, 193, 2207
List the prime factors of 91657.
151, 607
What are the prime factors of 4647226?
2, 2323613
What are the prime factors of 14604676?
2, 3651169
List the prime factors of 273230.
2, 5, 89, 307
What are the prime factors of 823262?
2, 11, 23, 1627
What are the prime factors of 15072339?
3, 19, 269, 983
List the prime factors of 641019.
3, 17, 12569
What are the prime factors of 108167?
19, 5693
What are the prime factors of 1761541?
101, 107, 163
What are the prime factors of 25711?
7, 3673
What are the prime factors of 290661?
3, 7, 13841
List the prime factors of 14729944.
2, 71, 25933
List the prime factors of 691934.
2, 17, 47, 433
List the prime factors of 737038.
2, 401, 919
What are the prime factors of 1184?
2, 37
What are the prime factors of 23764658?
2, 23, 516623
What are the prime factors of 8873381?
11, 806671
What are the prime factors of 5859756?
2, 3, 7, 23, 337
What are the prime factors of 572842?
2, 286421
List the prime factors of 1764009.
3, 13, 15077
List the prime factors of 281158.
2, 257, 547
List the prime factors of 222007.
222007
What are the prime factors of 948763?
269, 3527
List the prime factors of 5704967.
29, 127, 1549
List the prime factors of 413718.
2, 3, 53, 1301
List the prime factors of 67749.
3, 11, 2053
List the prime factors of 631586.
2, 47, 6719
What are the prime factors of 1098296?
2, 23, 47, 127
List the prime factors of 1614595.
5, 322919
What are the prime factors of 154962?
2, 3, 8609
List the prime factors of 908204.
2, 11, 20641
List the prime factors of 6820423.
29, 251, 937
What are the prime factors of 51275?
5, 7, 293
List the prime factors of 129028.
2, 32257
List the prime factors of 2190986.
2, 7, 79, 283
List the prime factors of 21011.
21011
What are the prime factors of 2079841?
89, 23369
List the prime factors of 1220697.
3, 29, 1559
What are the prime factors of 4462170?
2, 3, 5, 59, 2521
List the prime factors of 382778.
2, 11, 127, 137
What are the prime factors of 657036?
2, 3, 18251
List the prime factors of 5929296.
2, 3, 123527
What are the prime factors of 16350877?
47, 347891
What are the prime factors of 229960?
2, 5, 5749
What are the prime factors of 100502?
2, 31, 1621
List the prime factors of 1727700.
2, 3, 5, 13, 443
What are the prime factors of 13935876?
2, 3, 47, 24709
What are the prime factors of 253947?
3, 84649
List the prime factors of 5745824.
2, 7, 113, 227
What are the prime factors of 1322848?
2, 67, 617
What are the prime factors of 14741943?
3, 67, 71, 1033
What are the prime factors of 7226647?
733, 9859
What are the prime factors of 44358?
2, 3, 7393
List the prime factors of 4560680.
2, 5, 113, 1009
List the prime factors of 4245635.
5, 849127
List the prime factors of 4735823.
4735823
What are the prime factors of 992876?
2, 401, 619
List the prime factors of 563616.
2, 3, 19, 103
List the prime factors of 4006351.
4006351
List the prime factors of 1274322.
2, 3, 7, 30341
What are the prime factors of 1114385?
5, 222877
What are the prime factors of 3765353?
23, 31, 5281
What are the prime factors of 378024?
2, 3, 19, 829
List the prime factors of 6093944.
2, 29, 26267
List the prime factors of 170308.
2, 42577
What are the prime factors of 336023?
29, 11587
What are the prime factors of 9754960?
2, 5, 121937
What are the prime factors of 123515?
5, 7, 3529
List the prime factors of 105312.
2, 3, 1097
List the prime factors of 369395.
5, 13, 5683
List the prime factors of 23986350.
2, 3, 5, 151, 353
What are the prime factors of 8782624?
2, 274457
List the prime factors of 335008.
2, 19, 29
What are the prime factors of 803565?
3, 5, 7, 2551
What are the prime factors of 205939?
101, 2039
What 